is divided by i(9).
9
Let d be 149/(-7) - (-22)/77. Let i = 29 + d. Calculate the remainder when i is divided by 5.
3
What is the remainder when 164 is divided by (-7 - 245)/(-3) + 2?
78
Let f = 1 - 1. Suppose f = -0*d + 5*d - 5. Let m(i) = 13*i - 12. Calculate the remainder when d is divided by m(1).
0
Let d(z) = z**2 + 47*z + 281. Let i(c) = c + 6. Let l = 5 + -10. Calculate the remainder when i(l) is divided by d(-40).
0
Suppose -3*j + 186 = 2*p, j - 22 = 3*p - 290. Suppose -2*g - 3*g = -p. Calculate the remainder when g is divided by 7.
4
Let i(y) = -y**2 - 5*y - 3. Let n be i(-4). Let h be n + 3 - (-30)/(-2). Let c = h - -17. Calculate the remainder when 22 is divided by c.
4
Suppose 0 = -3*j + 4*n + 24, -14 - 5 = -j + 5*n. Suppose y - 9 + 2 = 0. Suppose -a = -2*a + y. Calculate the remainder when a is divided by j.
3
Let v(i) = 27*i - 21. Let t be v(2). Let l = t - 30. What is the remainder when l is divided by 1?
0
Suppose -89 = 4*s + 5*n - 259, -4*n - 53 = -s. What is the remainder when 221 is divided by s?
41
Let g(k) = 13*k + 313. Calculate the remainder when 40 is divided by g(-23).
12
Let r(l) = -13*l**2 + 172*l - 144. Let g(t) = -t**3 - 4*t**2 + 5*t - 4. Let b be g(-5). What is the remainder when r(12) is divided by ((-46)/b + 1)*2?
23
Let j = 521 - 473. Calculate the remainder when j is divided by 35.
13
Calculate the remainder when 566 is divided by 2*(-270)/140*-7.
26
Suppose -6*t + 34 = -4*t. What is the remainder when 48 is divided by t?
14
Let d = 254 - 211. What is the remainder when d is divided by 25?
18
Let t(m) = 2*m**2 + 56*m + 635. Calculate the remainder when t(-22) is divided by 7.
0
Let a = 62 + -39. Let p(u) = u**3 - 19*u**2 - 45*u + 71. Calculate the remainder when a is divided by p(21).
7
Let r = -2 + 36. Let v(i) = i**2 - 12*i - 121. What is the remainder when v(-10) is divided by r?
31
Suppose -6*j = -7*j - 28. Let i = j - -48. What is the remainder when 59 is divided by i?
19
Suppose 5*g + 1 = y + 2, 3 = -3*y + 3*g. Let z(u) = -22*u**3 - 15 + 16*u**3 + 14. What is the remainder when 7 is divided by z(y)?
2
Suppose -6*h = -2*h + 24. Let o = -33 + 50. Calculate the remainder when (-262)/(-8) + h/8 is divided by o.
15
Suppose -4*q + 100 = -9*q. Let r = q - -26. Let t(k) = k**3 - 7*k**2 + 8*k + 2. Calculate the remainder when t(r) is divided by 5.
4
What is the remainder when (-8)/(-6)*1*(5 - 2) is divided by 4?
0
Calculate the remainder when 73 is divided by ((-108)/5)/((-93)/310).
1
Let z(p) = -p**3 - 25*p**2 - 31*p + 3. Calculate the remainder when z(-24) is divided by 29.
26
Suppose -60 + 5 = -5*j. Suppose -f - 12*x = -13*x - 50, -4*f + 212 = 2*x. What is the remainder when f is divided by j?
8
Let o = -111 - -50. Suppose -13 = j + 3*n, 3*j - 4*j = -5*n + 29. Let d = j - o. Calculate the remainder when d is divided by 15.
12
Suppose -3*g = -0*l + l - 79, -l - 5*g = -73. What is the remainder when l is divided by 50?
38
Suppose 0*c = -4*c + 128. Suppose 145*q - 48 = 141*q. What is the remainder when c is divided by q?
8
Suppose -4*t - 3 + 27 = 0. Let y = -44 - -52. Calculate the remainder when y is divided by t.
2
Suppose 4*w - 4*p = -59 + 343, -4*p + 61 = w. Suppose 2*f - 172 = -4*r, 4*f + 49 = 3*r - w. What is the remainder when 125 is divided by r?
41
Suppose -b + 679 = 3*f - 1027, -4*b = 5*f - 2834. What is the remainder when (-8)/32 - f/(-8) is divided by 24?
23
Let p be 3/3 - (143 + 3). Let k = -100 - p. Suppose 16 = 2*w - 32. Calculate the remainder when k is divided by w.
21
Suppose 0 = -4*v + t + 378, 0 = -2*v - 3*t + 7*t + 182. What is the remainder when v is divided by 16?
15
Let h = 942 + -929. What is the remainder when 259 is divided by h?
12
Let w = 16 + -3. Suppose 0 = 3*l - 2*l - 153. Let x = l + -102. What is the remainder when x is divided by w?
12
Let g be -1 - (-3 - -25)/(-2). Suppose g*q + q = 33. Calculate the remainder when 5 is divided by q.
2
Calculate the remainder when 306 - (12/(-14))/(4/(-14)) is divided by 38.
37
Suppose -20*g - 74 = -21*g. Suppose 2*f - 1 = 3*m + 49, -g = -3*f + 4*m. Calculate the remainder when 62 is divided by f.
18
Let f(z) = -z**3 + 18*z**2 + z - 33. Let p be f(18). What is the remainder when 15 - 3*(-10)/p is divided by 4?
1
Let t(h) = 7*h**2 + 23*h + 22. What is the remainder when 441 is divided by t(-3)?
9
Suppose 4*p - 346 = 2*s, 4*s = -p - p + 148. Suppose 2*b + 78 = 4*g, 4*b = -3*g - 19 + 50. Calculate the remainder when p is divided by g.
16
Suppose 4*q - 2156 = 5*c, 2678 = 5*q - 2*c - 0*c. Calculate the remainder when q is divided by 67.
65
Calculate the remainder when (-1 + (-28)/2)/(-3) is divided by 2.
1
Let z(d) = -d**3 - 4*d**2 + 5*d + 5. Let r be z(-5). Let o = r + -1. Suppose -o*h = -2*h - 14. What is the remainder when 12 is divided by h?
5
Let n(w) = w**2 + 4*w + 5. Calculate the remainder when n(-8) is divided by 10.
7
Let i = 665 - 559. Calculate the remainder when i is divided by 14.
8
Let h = -11 + 7. Calculate the remainder when 6/h*128/(-6) is divided by 5.
2
Suppose 0 = 37*i - 34*i - 231. What is the remainder when i is divided by 6?
5
Suppose 12*i - 749 + 413 = 0. Calculate the remainder when 2883 is divided by i.
27
Suppose 18 = -80*n + 82*n - a, -n = 5*a + 13. What is the remainder when 24 is divided by n?
3
Let n(r) = r**2 - 18*r - 23. Let m be n(19). Let a(t) = -14*t - 44. What is the remainder when (10/(-6) + 2)*141 is divided by a(m)?
11
Let a(r) = 48*r**3 + r**2 - 2*r + 3. Calculate the remainder when 105 is divided by a(1).
5
Let d(y) = -y**2 - 2*y + 1. Let l be d(6). What is the remainder when 2*-1 - (-174)/6 is divided by l/(-3) - 8/12?
12
Let q = 148 + -95. Calculate the remainder when q is divided by 14.
11
Let h(x) = -x**2 - 8*x - 10. Let p be h(-6). Suppose p*b - 70 = -t, t + 2*t = -6. Calculate the remainder when b is divided by 15.
6
Let y(s) = 2*s**2 - s + 4. Let z be y(0). Suppose 5*b + w - 73 = 0, -z*b + w - 2*w = -58. Calculate the remainder when 57 is divided by b.
12
Suppose -5*x + 10 = 4*m - 6*m, 2*m = -2*x + 4. Suppose 0*r + r - 37 = -2*v, -2*r = -x*v - 86. Calculate the remainder when r is divided by 11.
8
Let f(n) = 23*n**2 + 11*n - 17. Calculate the remainder when f(2) is divided by 49.
48
Let m = 9 + -5. Let j(x) = x**3 + x**2 + 2*x + 6. Suppose -i - 4 = 2*a, 0 = -5*a - 2*i + 1 - 9. What is the remainder when j(a) is divided by m?
2
Let d(c) = -4*c - 3. Let o be d(-2). Suppose 3*g + 25 = -4*w, 4*g - o*w = 9 - 1. What is the remainder when 23 is divided by (-2*9)/(g/2)?
11
Let b(v) = -12*v + 121. What is the remainder when 34 is divided by b(8)?
9
Suppose k = -4*h - 42, -4*k - h - 47 = 136. Let i = k - -85. What is the remainder when i is divided by 21?
18
Suppose 578 = 39*u - 7. Calculate the remainder when u is divided by 6.
3
Let c be (-12 - -10)/(4/54). Let f = 42 + c. Calculate the remainder when 74 is divided by f.
14
Calculate the remainder when ((-122)/(-10))/(((-24)/4)/(-30)) is divided by 20.
1
Suppose 1 + 7 = -2*p. Let c = p + 25. Suppose -165 - 78 = -3*a + 3*o, -245 = -3*a + 2*o. Calculate the remainder when a is divided by c.
20
Suppose -17*r = -15*r - 144. Let j(q) = -3*q + 1. Let o = -4 - 4. What is the remainder when r is divided by j(o)?
22
Suppose 5*y - 25 = 0, 151 - 15 = 2*i + 2*y. Suppose 0 = -3*d - 6, -2*p + 4*d - 64 = p. Calculate the remainder when i is divided by 168/p*22/(-7).
19
Calculate the remainder when 343 is divided by 2/(-1) - (-801)/9.
82
Let h = -4 - 11. Let f = -5 + h. Calculate the remainder when (4/(-2))/4*f is divided by 4.
2
Suppose 0 = -5*t + 2*a + 455, 3 = 5*a - 22. Calculate the remainder when t is divided by 48.
45
Suppose 2*c + 0*c = 4. Let u(f) = 18*f - 8. What is the remainder when u(c) is divided by 6?
4
Let y = -62 - -88. Suppose -6*w - 127 = -151. Calculate the remainder when y is divided by w.
2
Suppose -1295 = -3*f + 385. Suppose z = -4*g + 137, -3*z = 2*z - 5*g - f. What is the remainder when z is divided by 30?
27
Let i(s) = -s**3 - s**2 + 16*s - 1. What is the remainder when 34 is divided by i(-5)?
15
Let x = -51 - -88. What is the remainder when -2*((-284)/(-32))/((-5)/20) is divided by x?
34
Suppose 3*f = 3*y + 129, f - 58 = 3*y - 17. Suppose 7*r - f = 5*r. What is the remainder when r is divided by 12?
10
Let q = 13 + -15. Let x = 1 - q. Suppose